y(b) = -b**2 + 9*b. Let f(n) = 2*c(n) - y(n). Let q be f(-6). Suppose 0 = q*o - 3*o - 9. List the prime factors of o.
3
Suppose 2*i + 24 = 4*s, 5*s + 0 - 27 = 4*i. What are the prime factors of s?
7
Let j(g) = -g**3 + 9*g**2 + 10*g + 4. Let n be j(10). Suppose -6 + 38 = n*o. What are the prime factors of o?
2
Let b(i) be the second derivative of i**4/4 - 5*i**3/6 + 5*i**2/2 - 3*i. List the prime factors of b(3).
17
Let i be ((-25)/(-4))/((-5)/20). List the prime factors of ((-10)/i)/(2/60).
2, 3
Let q(t) = -1 - 5*t**2 + t + 4*t**2 - 2*t**2 + 5*t**2. What are the prime factors of q(3)?
2, 5
Let i(j) = 6*j**2 + 4*j + 7. Let z(a) = -7*a**2 - 3*a - 7. Let b(o) = 5*i(o) + 4*z(o). What are the prime factors of b(-5)?
17
Let q = -31 - -171. List the prime factors of q.
2, 5, 7
Suppose 5*x + 3*d = 131, -2*x = -4*d - 24 - 18. Suppose 0*c + 38 = 3*m + 4*c, -5*c = -x. List the prime factors of m.
2, 3
Suppose 0 = 4*s + 3 - 11. Let k(t) = 3*t**2 - 17*t + 21. Let u(g) = g**2 - 4*g + 5. Let p(n) = -2*k(n) + 9*u(n). What are the prime factors of p(s)?
11
Let t(i) = i**3 - 9*i**2 - 12*i + 1. Let u be t(10). Let o = -4 - u. What are the prime factors of o?
3, 5
Suppose -2*a + 99 = -3*m, 4*a + 3*m + 18 = 207. What are the prime factors of a?
2, 3
Suppose -3*t + 5*l = 2*t - 355, -4*l + 20 = 0. What are the prime factors of t?
2, 19
Suppose -4*g - 12 + 0 = 0. Let h = g + 3. List the prime factors of h + 7 + (-2 - -3).
2
Let f = -9 + 8. List the prime factors of (-3)/f + -1 + 6.
2
Suppose g - 3*i + 2 - 58 = 0, g - 51 = 4*i. What are the prime factors of g?
71
Suppose 4*x - 4*k + 115 = 855, 5*x = -5*k + 965. What are the prime factors of x?
3, 7
Let f = -22 + 166. Suppose 4*u = -16 + f. Suppose 5*g - 3 = u. What are the prime factors of g?
7
Suppose -3*x = 5*p - 435, -4*p + 355 = 4*x - 3*x. What are the prime factors of p?
2, 3, 5
Let m = -69 - -136. List the prime factors of m.
67
Let y(j) = -j + 1. Let w be y(1). Let f = w + 5. What are the prime factors of f?
5
Let p(k) = k - 3. Let r be p(3). Suppose r = 5*s - 3*s - 32. What are the prime factors of s?
2
Suppose -5*z = 4*a + 6, 4*a + 8 = -z - 3*z. Let p(i) = -z*i + 4 + i - 2*i**2 + 3*i**2. List the prime factors of p(3).
2, 5
Suppose 0 = 8*f - 4*f - 380. What are the prime factors of f?
5, 19
Suppose 2*t + 31 + 5 = 5*m, 4*t + 3*m + 20 = 0. Let f be t/(-6)*(-3)/(-2). Suppose -f*x = 2*x - 16. What are the prime factors of x?
2
List the prime factors of 47 + -3 + -1 + 1.
2, 11
Suppose -2*b - 14 = -3*b. Suppose i = -i + b. List the prime factors of i.
7
Let k = 10 - 2. What are the prime factors of k?
2
Let s = -61 - -97. List the prime factors of s.
2, 3
Let s = 46 - 32. Suppose -7*l = -2*l - 10, 3*l = -b + s. Suppose 2*m = -2*x + b, -2*m - 3*m = 2*x - 23. List the prime factors of m.
5
List the prime factors of 5/(-1)*64/(-8).
2, 5
Suppose 178 = 7*f - 683. List the prime factors of f.
3, 41
Suppose -7*c = -239 - 265. List the prime factors of c.
2, 3
Let v = 3 + -3. Suppose v = -5*p + 2*p - 132. List the prime factors of (2/2)/((-4)/p).
11
Let y(u) = 4*u**2 + 12*u - 8. What are the prime factors of y(7)?
2, 17
Suppose -11*f = -7*f - 356. Let u = -58 + f. List the prime factors of u.
31
What are the prime factors of 678/2 + (-70)/(-35)?
11, 31
Let k(b) = 6*b**2 + 10*b - 2. Let m(a) = 7*a**2 + 11*a - 3. Let n(i) = 6*k(i) - 5*m(i). Let g = -9 - -3. What are the prime factors of n(g)?
3
Let b(g) = -g**2 - 4*g + 7. Let c be b(-5). Suppose -3*q + 6 = -c*q. List the prime factors of q.
2, 3
Let x(m) = -m**3 + m**2 + 5*m - 3. Let v(k) = 2*k**3 + 2*k - 1. Let o be v(1). Let g be x(o). Let i = g + 12. What are the prime factors of i?
2, 3
Let p be (-2)/(1/(-4 - -2)). Suppose p*v - 126 = 82. List the prime factors of v.
2, 13
Let w = 129 - 79. Let c = w - 22. List the prime factors of c.
2, 7
Suppose 4*a - j - 18 = -3*j, 3*a - 10 = -5*j. Let z = a + -8. Let u = z - -9. List the prime factors of u.
2, 3
Let h be 1/(-2)*(-2 + 2). Let r be (-5)/(1/(-9) - h). Suppose -w - r = -6*w. What are the prime factors of w?
3
Suppose -3*u + j = 98, -130 = -0*u + 4*u - j. Let x = -10 - u. List the prime factors of x.
2, 11
Suppose 0 = -5*m + 2 + 3, r - 2 = 2*m. Suppose -5*p + r*j = -3*p - 18, 5*j - 18 = -2*p. List the prime factors of p.
3
Let u be 1/(-3) + 64/12. Suppose -4*i + 20 = 4*s, u*i - 20 = i - 2*s. What are the prime factors of i?
5
Let w(p) = 5*p**2 - 7 + 3*p + p**3 + 2 + 0*p**2. Let f be w(-4). Let o(q) = -9*q. List the prime factors of o(f).
3
Let j = -49 - -62. What are the prime factors of j?
13
Let n(b) = -3*b**2 + 7*b + b**3 - 5*b**2 + 1 - 4. Let s be n(7). List the prime factors of (s/3 - -3)*3.
2, 3
Suppose 0*h = -4*h + 8. Suppose -2*a - 4 = h*z, 4*z = 5*a + 2 - 1. What are the prime factors of a/4 + (-33)/(-4)?
2
Suppose -n = 4*i - 9, -3*i - 3*n + 4*n + 12 = 0. Suppose 3*s - 4*d = -2*d - 3, 2*d = -i*s - 15. Let a = s - -8. What are the prime factors of a?
5
Let f = 95 - 11. List the prime factors of f.
2, 3, 7
Let t(h) = h**2 + 3*h + 21. Let b be t(-4). Let z be 3/(-9) + 41/(-3). Let i = b + z. What are the prime factors of i?
11
Let o = 7 - 12. Let g = -18 - o. List the prime factors of 3/((-6)/4) - g.
11
Suppose 3*j - 61 = 185. What are the prime factors of j?
2, 41
Let q = -78 + 132. What are the prime factors of q?
2, 3
Suppose 2*q + 3*i + 1 = 0, 2*i = 3*q - i - 21. Let s = q - -10. What are the prime factors of s?
2, 7
Let h(y) = -y**3 + 2*y**2 + 2*y - 2. Let q be h(1). List the prime factors of 1824/80 + q/5.
23
Suppose 0 = 3*v - 2*v + 1. Let u = v + 20. What are the prime factors of u?
19
List the prime factors of (46/(-8))/((-21)/504).
2, 3, 23
Let q = 4 - 2. Suppose -q*k - 4*w = -12, -2*k - 4*w = -3*k - 6. Let u = k + 2. What are the prime factors of u?
2
What are the prime factors of 3/((-48)/(-1846)) + (-9)/24?
5, 23
Let f be 68/6*(-24)/(-16). Suppose -4*a + f = -15. What are the prime factors of a?
2
Let b(i) = i**2. Let v be (-8)/12 + (-4)/(-6). Let t be b(v). Suppose t*w - 3*w + y = -26, 5*y + 10 = 0. What are the prime factors of w?
2
Suppose -5*i + 9 = -16. What are the prime factors of i?
5
Suppose 0 = -4*m + 13*m - 135. What are the prime factors of m?
3, 5
Suppose -d + v + 29 = 0, 3*d - d - 4*v - 68 = 0. Let z = -12 + d. List the prime factors of z.
2, 3
Let r = 44 - 74. Let l be (3*-1)/(9/r). Suppose l = -2*x + 3*x. What are the prime factors of x?
2, 5
Let r be (16/(-12))/(4/(-6)). Let o(p) = -2*p**2 - 2*p + 2. Let t be o(3). What are the prime factors of t/(-4) - r/(-4)?
2, 3
Let a be 4/(-3)*(-6 + 3). Suppose b + 2*w = a, -b - 7 = -6*b + 3*w. Suppose -3*q - 12 = 0, -b*l + 4*q = -0*l - 28. List the prime factors of l.
2, 3
Suppose 33 - 1 = d. List the prime factors of d.
2
Let m = -2 + -16. Let x be (-698)/(-18) + (-4)/m. Suppose -d + 38 = 3*f + 5, -3*f - 3*d + x = 0. What are the prime factors of f?
2, 5
Let h(d) = 11*d - 3. Let b be h(2). Let t = b + -11. Suppose -t = -g + 4. List the prime factors of g.
2, 3
Let u = -31 + 43. Let s(p) = -7*p + 7. Let w be s(2). Let i = w + u. List the prime factors of i.
5
Suppose -5*j = -5*s - 35, 4*j - 6*j + 24 = -4*s. Suppose j*t + 15 = r - 21, 0 = 4*r - 3*t - 124. What are the prime factors of r?
2, 7
What are the prime factors of (140/(-40))/((3/50)/(-3))?
5, 7
Let m = 4 - 3. What are the prime factors of (m - -1)*(-42)/(-7)?
2, 3
Let x be (-24)/3 - (-2 + 1). Let r(w) = -3*w. Let m be r(x). Suppose 0 = -2*g - g + m. List the prime factors of g.
7
Let z(v) = -v + 2. Let t be z(6). List the prime factors of 7 + 3 + t + -1.
5
Let r(o) = 4*o**3 + 2*o**2 - 2*o - 2. What are the prime factors of r(2)?
2, 17
Let h(x) be the third derivative of -x**5/60 - x**4/24 + x**3 - 3*x**2. Let m be 1/(-3) + 1/3. List the prime factors of h(m).
2, 3
Let x(u) = -1 + 1 - 2 + u. Let o be 26/3 + (-3)/(-9). What are the prime factors of x(o)?
7
Let g(x) = -x**2 + 7*x + 4. Let y be g(7). Suppose -3*b + 4*b + 3 = y*u, 4*u + 12 = 4*b. What are the prime factors of b?
5
Let f(t) = t**3 - 3*t**2 - 6*t - 10. Let b be f(7). Let s = b - 100. Suppose 3*l + 9 = -v, 4*l + s = 3*v + v. List the prime factors of v.
2, 3
Suppose -4*n - 58 = -4*l - 14, -4*l + 29 = -n. Suppose -v + 1 + l = f, -f - 3*v + 9 = 0. What are the prime factors of f?
2, 3
Let g(p) = 36*p**2 + 6*p - 8. What are the p